*c**3 - 3*c. Determine f(3).
12
Let x(u) = -u**3 + 6*u**2 - 2*u - 2. Let j(z) = -3*z**3 + 11*z**2 - 5*z - 3. Let o(v) = 2*j(v) - 5*x(v). Let y(r) = -r + 4. Let q be y(12). What is o(q)?
4
Let h(k) = 0*k**2 - 5*k**2 - 3*k**2 + 1. Suppose 5*d - 22 = 3. Let c(n) = n**3 - 5*n**2 + n - 4. Let v be c(d). Calculate h(v).
-7
Let o(s) = -7 - 2*s**2 + 7*s**2 + 5*s**2 - s**3 - 4*s**2. Suppose -80 = y + 3*y. Let g be -9*(y/6)/5. Give o(g).
-7
Let c(n) be the second derivative of n**4/12 + 4*n**3/3 + 5*n**2 - 2*n + 18. What is c(-7)?
3
Let n(q) = -10*q**2 + 15*q + 1. Let t(l) = 3*l**2 - 5*l. Let h(d) = 2*n(d) + 7*t(d). Let f(u) = -u**3 + 15*u**2 + 16*u + 3. Let j be f(16). Give h(j).
-4
Let s be -3 - (-1)/(4/48). Suppose -5*f + 2*f = -s. Let n(m) = -3*m**2 + 0*m**2 + 6*m**2 + 3*m - 4*m**2 - 4. Calculate n(f).
-4
Let n = -519 + 532. Let a(p) = p**3 - 12*p**2 - 11*p - 25. Determine a(n).
1
Let q(x) = 99 + 105 + 5*x - 313 + 102. What is q(4)?
13
Let w be 2/22 + (-1827)/(-957). Let r(g) = -4*g**3 + 2*g**2 + 3*g - 3. Determine r(w).
-21
Let y(g) = g + 1. Let n(z) = 15*z + 7. Let x(v) = -n(v) + 6*y(v). Suppose -5*f = -3*d - 22 + 4, f = 4*d + 7. Determine x(d).
8
Let u(t) be the second derivative of -1/20*t**5 + 1/6*t**4 + 0 + 0*t**2 + 2/3*t**3 - 44*t. What is u(3)?
3
Let f(j) = 20*j**2 - 5*j + 5. Let v be f(1). Suppose -6*i + 10*i = v. Let u(a) = -a**2 + 5*a - 3. Give u(i).
-3
Let y(l) = -2*l + 0*l + 8*l - 5 - 7*l. Determine y(-9).
4
Let o(w) be the third derivative of -w**6/720 + w**5/120 - 7*w**4/24 + 5*w**2. Let z(n) be the second derivative of o(n). Determine z(6).
-5
Let z(w) = 2*w - 2. Let t(y) be the second derivative of y**5/20 + y**4/2 - 5*y**2/2 + 6*y. Let d be t(-4). Let b be d/6 + 12/8. Give z(b).
10
Let c be (-1)/2*(-50)/5. Suppose 0 = z - 0*z - c. Suppose z*v = 5*t + 5, -4*t - v = -2*t - 7. Let h(u) = 2*u**3 - 4*u**2 + u + 2. Give h(t).
4
Let i be 6/((-216)/(-6))*0. Let b(y) = -y + 4. Calculate b(i).
4
Let q(x) be the first derivative of -17*x**3/3 - 3*x**2/2 + 2*x + 326. What is q(2)?
-72
Let s(j) = j**3 - 5*j**2 - 8*j - 3. Let u(p) = -10*p - 14. Let h be u(4). Let d = h - -60. Calculate s(d).
-15
Let x = -51 + 56. Suppose 4*y - u = 2*y, -x*y = 5*u + 15. Let n(d) = -8*d - 1. Give n(y).
7
Let h(w) = w. Let m(u) = 6. Let n(s) = h(s) + m(s). Calculate n(-3).
3
Suppose 5*z = -2*o - 6, -4*o - 3*z = z. Let u be (0 - -3) + (-8)/(-2). Let y(m) = m - u + o + 2. What is y(6)?
3
Let x be (-200)/(-16)*(-4)/(-10). Let n(t) = 8*t - 6. What is n(x)?
34
Let m(l) = 5*l + 1. Let g be 162/10 + 14/(-70). Suppose 2*o = -3*o + x - 2, -5*x - g = o. What is m(o)?
-4
Let f(z) = -35*z**2 + 41*z**2 + 2*z + z**3 - 4 + z. What is f(-5)?
6
Let x(b) = 2*b**2 - 3*b + 1. Let a(f) = f**3 - f + 1. Suppose -4*s = 3*z + 1 - 15, 4*s - 6 = z. Suppose -s = -j - 1. Let n(w) = j*x(w) - a(w). What is n(2)?
-4
Let b(k) = k. Suppose 11 - 7 = l. Let f(j) = -4 + 2 - 3*j + 4 + 1. Let n(a) = l*b(a) + f(a). Give n(0).
3
Let i(g) be the second derivative of -g**5/30 + 5*g**4/24 + 2*g**3/3 - 7*g. Let k(n) be the second derivative of i(n). What is k(4)?
-11
Let h be (-8)/36 - 87/(-27). Let b(n) be the first derivative of n + 2*n**2 + 2 + 1/3*n**h. Calculate b(-4).
1
Suppose -4*y + 5*g - 7 = 0, 5*y - 3*y - 5*g - 9 = 0. Let p(v) = v - 1. Let a(w) = -w**2 - 13*w + 4. Let f(s) = a(s) + 3*p(s). What is f(y)?
17
Let r(m) = m - 5. Let u be (5/2)/((2/(-8))/(-1)). Give r(u).
5
Let o(a) = a**2 + 3*a - 4. Let n be (-117)/26 + 1/2. What is o(n)?
0
Let w = -41 + 28. Let s = w + 16. Let g(f) = 59*f - 30*f - 3 - 30*f + 4 + 2*f**s. What is g(1)?
2
Let m(l) = l**3 - 5*l**2 - 7*l + 8. Let v be m(6). Let s(g) = g**2 + 0*g**2 - 2*g**v. Suppose q - 5*c = 53 - 78, -2*c = -5*q - 10. Calculate s(q).
0
Suppose -78 = 5*n + 4*p, 6*p + 39 = -3*n + p. Let l = 11 + n. Let b(v) = -v - 1. What is b(l)?
6
Let m(n) = n**3 - 7*n**2 + 2*n - 12. Let r be m(7). Let q(l) be the second derivative of 11/6*l**3 - 1/2*l**r - l + 0. Give q(1).
10
Let y(i) be the second derivative of i**5/20 + i**4/4 - 7*i**3/6 - 5*i**2/2 - 6*i + 8. Determine y(-4).
7
Let o(f) be the first derivative of f**4/4 - 2*f**3 - f**2/2 + 7*f + 52. Determine o(6).
1
Let b(n) = -7*n**2 - 2*n - 1. Let k = -22 + 30. Let f be (4/k)/((-2)/4). What is b(f)?
-6
Let j = -106 + 100. Let q(y) be the third derivative of y**5/60 + y**4/12 - 4*y**3/3 - 8*y**2. Calculate q(j).
16
Let b(i) = i**3 + 8*i**2 + 6*i - 6. Let a = -153 - -146. Give b(a).
1
Let k(a) = -4*a**2 + 2 + 2*a**3 + 2*a - 1 + 0*a**3 + a. Calculate k(3).
28
Let d(q) = -17*q - 9*q**3 + 18*q - 3*q**3. Give d(1).
-11
Let f(v) = -2 + 3*v**2 - 3*v**2 + 1 + v**2 - v. Suppose 3 - 15 = 6*n. Determine f(n).
5
Let b(r) = -5*r**2 - 1. Let y = -1025 - -1022. Determine b(y).
-46
Let o(b) be the second derivative of -5*b**3/6 - 5*b**2/2 - b - 1. Determine o(-4).
15
Suppose 3*q + 3*z = -21, -2*q + z = 2*q + 23. Let g(l) = l**3 + 5*l**2 - 7*l - 4. What is g(q)?
2
Let k(p) = -p**3 - 12*p**2 - 10*p + 10. Let o = 183 + -194. Calculate k(o).
-1
Let p(m) = -253*m + 5 - 6 + 252*m. Let u(t) = 8*t + 3. Let f(k) = -6*p(k) - u(k). Calculate f(-3).
9
Let g(d) = -d**2 - 3*d - 2. Let l(b) = -2*b - 14. Suppose -3*j = -3*u - 24, 20 = -u - 4*u - 5*j. Let k be l(u). Determine g(k).
0
Let p be 30/((-2 + 0)/(-2)). Let i be p/4 + (-18)/12. Let r be (i/24)/((-1)/(-12)). Let n(c) = 4*c - 2. Determine n(r).
10
Let t(n) = -11*n - 19. Let p(v) = 4*v + 7. Let s(q) = -8*p(q) - 3*t(q). What is s(5)?
6
Let a = -493 + 487. Let x(u) = 3*u - 4. Calculate x(a).
-22
Suppose -4 = -3*u + 2. Let o(z) = -z**u - 17 + z + 0*z + 16 + 0*z**2. Give o(-2).
-7
Let p(d) = -d**3 - d**2 - d - 5. Suppose 2*k = k + 2. Suppose 0*x = -k*z - x + 10, 0 = x. Suppose -f - 5 = -5*h, -h + 0 + 1 = -z*f. What is p(f)?
-5
Let a(m) = -m**2 + 4. Suppose -4*x + 9*x = -15. Calculate a(x).
-5
Suppose 4*x + 3*u = 15, 0*x - 5*u = -3*x + 4. Let v(k) = -3*k - 2. Let q(r) = 10*r + 7. Let p(h) = 6*q(h) + 21*v(h). Determine p(x).
-9
Let r(n) = n**2 + 3*n. Suppose 6*j - 11*j = 10. Let p(a) = -2*a**2 - 4*a - 3. Let d be p(j). Let b(g) = g**2 + 5*g + 2. Let h be b(d). What is r(h)?
4
Let y(t) = t**2 + 4*t + 3. Suppose 0 = 2*b - 5*o - 15, -5*o - 10 = 5*b - 8*o. Determine y(b).
8
Let o(l) = 18*l + 84. Let w(h) = -h**2 - 48*h - 220. Let k be w(-43). Determine o(k).
-6
Let w(h) = -h**2 + 7*h - 5. Let k be 5/(-2)*(-4 - (-16)/5). Suppose -k*p = p - 15. Calculate w(p).
5
Let j(c) = -c**3 - 6*c**2 - 6*c + 5. Let n be j(-4). Let a(g) = -g - 4. Let b be a(-6). Let q(r) = -4*r**2 - 1 + b*r**2 + 2 - r**3 + 4*r. Give q(n).
-2
Let x(m) be the third derivative of m**4/24 - 5*m**3/2 - 12*m**2. Suppose -v + 4*p + 17 = 0, -3*v - 6*p + 2*p + 19 = 0. What is x(v)?
-6
Let r(c) = -c**2 - 10*c - 8. Let z = 326 + -336. What is r(z)?
-8
Let a(d) = d**3 - 11*d**2 - 13*d + 14. Let f be (-96)/160 + (0 - (-123)/5). Suppose 2*h + 0 - f = 0. Give a(h).
2
Let r(h) = 4 + 9 + 9 - 21 + 4 - h. Calculate r(-5).
10
Suppose 2*o - j = 5, 6*j + 5 = 5*o + j. Let a(c) = 2*c + 6. Let n(u) = -2*u - 7. Let w(k) = o*a(k) + 3*n(k). Give w(3).
9
Let m(s) = 3*s**3 - 27*s**2 + 4*s - 9. Let g(y) = -8*y**3 + 73*y**2 - 13*y + 26. Let j(i) = 4*g(i) + 11*m(i). What is j(6)?
-7
Let o(u) = u**2 - 8*u + 9. Suppose 3*h - 2*h - 37 = 2*t, -5*t - 94 = -2*h. Let s = t + 25. Let z be o(s). Let v(f) = -f**3 - 5*f**2 + 6*f + 3. Calculate v(z).
3
Let k(n) = 18*n - 2*n - 17*n. Let x(l) = -l. Let b(s) = 4*k(s) - x(s). Determine b(-1).
3
Let g be 4*(2/(-8) - -1). Let k(x) be the third derivative of -x**4/24 + 2*x**3/3 - 265*x**2. What is k(g)?
1
Let f(r) = -424*r + 8 + 3*r**2 + r**3 - 9*r**2 + 10*r**2 + 427*r. What is f(-4)?
-4
Let m(a) = -a**2 - 9*a - 6. Let h(c) = -2*c**2 + 5*c + 1. Let x be h(5). Let g(k) = -5*k - 30. Let r be g(-10). Let f = r + x. Calculate m(f).
14
Let p(h) = -h**2 + 6*h - 3. Let a(z) = z**2 - 17*z - 21. Let m be a(17). Let c = -17 - m. Determine p(c).
5
Let q(m) = -m. Let k be q(-3). Suppose 8 = -3*n + t, k*t + 8 = -n + 2*t. Let p(a) = -13*a - 1. Let i(c) = -66*c - 8. Let x(u) = i(u) - 5*p(u). What is x(n)?
1
Let y = 97 + -100. Let s be 17/2 - (-1)/(-2). Let n = s + y. Let d(a) = -a**3 + 5*a**2 + a + 6. Determine d(n).
11
Let a(k) = k + 3. Let b be (-20)/30 + 144/(-27). What is a(b)?
-3
Let q(m) = -m**3 + 5*m**2 - 10*m + 5. Let r(a) = -3*a**3 + 9*a*